e -3*d - 5*j = -17, d + 5*j - 3*j = 7. What is the remainder when v(0) is divided by (25/20)/(d/(-24)*3)?
9
Let b = 87 + -28. Calculate the remainder when 292 is divided by b.
56
Suppose 16 = -0*t + 4*t. Suppose 0 = -s - 4*s - 2*v - 4, 4*s = v - 11. Calculate the remainder when t is divided by (-3)/s - 8/(-16).
0
Suppose 0 = q - 4*q + 81. Suppose 396 = -18*u + 21*u. What is the remainder when u is divided by q?
24
Suppose 5*i = -5*g + 222 + 158, 0 = 2*g - 10. Let n = -88 + 69. Calculate the remainder when i is divided by 18/(-21)*(-2 + n).
17
Calculate the remainder when (-11025)/(-135) + 1/3 is divided by 80.
2
Suppose -48*v = -43*v + 5*g - 610, -3*g = -v + 134. Calculate the remainder when 232 is divided by v.
107
Let z(g) = 16*g**2 - 3*g - 1. Let a be z(-1). Suppose -a*i + 20 = -17*i. What is the remainder when 11 is divided by 1/(-5) - (-64)/i?
2
Suppose 5*k = -3*g - 2*g + 30, -5*k + 5*g + 10 = 0. Suppose s - 30 = -4*s. Calculate the remainder when s is divided by k.
2
Let a = 10 - 6. Suppose 0 = o + 3, 3*d - d - 117 = -5*o. Suppose a*w - w = d. What is the remainder when w is divided by 5?
2
Suppose 2*i + 263 = 4*v - 37, i + 304 = 4*v. What is the remainder when 318 is divided by v?
10
Let l = 24 - -5. Let r = -18 + l. Suppose -4*z + r = 3, 4*v - 144 = -4*z. What is the remainder when 99 is divided by v?
31
Let s(w) = 8*w - 6. Let u be s(5). Let i = 96 - u. What is the remainder when i is divided by 33?
29
Let o = -1713 + 2002. Calculate the remainder when o is divided by 52.
29
Suppose -861 = -22*y + 723. What is the remainder when 117 is divided by y?
45
Suppose 0 = 2*i - 5*i - 6. Let m(d) = 2*d - 4. Let z be m(9). Let f = z - i. What is the remainder when 60 is divided by f?
12
Suppose -2*o + 282 - 326 = -5*y, 4*y - 31 = 3*o. Calculate the remainder when (-42)/(-4)*(-8)/(-3) is divided by y.
8
Let b(z) = -7*z - 130. Let l(k) = 2*k + 43. Let f(w) = 3*b(w) + 8*l(w). What is the remainder when 14 is divided by f(-11)?
5
Suppose -8 = -q + 2. Let b = 68 + -20. What is the remainder when b is divided by q?
8
Suppose 3*n + 28*n - 44330 = 0. Calculate the remainder when n is divided by 9.
8
Let i(o) = 71*o - 6. Suppose -3*d = -2*y - 49, 0 = 2*d - 6*y + 3*y - 31. What is the remainder when i(1) is divided by d?
14
Let u(n) = n**3 - 6*n**2 + 7*n - 2. Let v be u(6). Suppose -v - 24 = -2*a. Let o = 71 + -60. Calculate the remainder when a is divided by o.
10
Let s be (1/(-2))/(20/(-960)). Suppose 6*f = 72 + s. Calculate the remainder when 42 is divided by f.
10
Let v = -3 + 8. Let f be (-30)/(-3)*(-2)/(-4). Suppose 4*w = f*l + 95, -2*w = -v*w + 2*l + 73. Calculate the remainder when w is divided by 7.
4
Suppose -2*b - 2*n + 182 = -4*n, -4*b + 389 = n. What is the remainder when b is divided by 17?
11
Calculate the remainder when 576 is divided by 338/(-845) - -1*(-747)/(-5).
129
Let s = -22 + 31. Suppose -5*y + 20 = -2*g, s = 2*y - 3*g + 2*g. Calculate the remainder when 3 is divided by y.
1
Let o(r) = 4*r**3 - 2*r**2 - r + 3. What is the remainder when o(4) is divided by 25?
23
Let p(q) = 11*q. Let w be 22/6 - (30/(-9) + 3). What is the remainder when 86 is divided by p(w)?
42
Suppose -2*a = 2*s - 20, 4*s - 2*s = 3*a + 45. Let y = 6347 + -6169. What is the remainder when y is divided by s?
13
Let v(i) = -3*i**3 + 18*i**2 - 5*i + 62. Calculate the remainder when 117 is divided by v(6).
21
Suppose y - 4*s = 12, -y + 53 = 2*y + 5*s. Let z be 647/5 - (-8)/(-20). Let t = z + -67. Calculate the remainder when t is divided by y.
14
Suppose -4*x = 4*n - 1048, -n + 259 = 6*x - 8*x. What is the remainder when n is divided by 58?
29
Suppose 2*q = -3*u + 36 + 92, 0 = 2*u + 5*q - 100. What is the remainder when 198 is divided by u?
38
Suppose 246 = 32*o - 336 + 38. Calculate the remainder when 2*((-47)/2)/(-1) is divided by o.
13
Let s(q) = q**2 + 9*q + 10. Let f be s(-8). Suppose 0 = -f*w + 3*o + 2, 1 - 9 = -3*w + 2*o. Calculate the remainder when (w + -5)*63*-1 is divided by 13.
11
Let n(x) = 3*x**2 - 5*x + 3. Suppose -10*a - 3 = -11*a. What is the remainder when 87 is divided by n(a)?
12
Suppose -4*q + 5 = t - 8, 5*q + 22 = 3*t. What is the remainder when 87 is divided by t?
6
Suppose -3*d + 4*r + 114 = -27, -2*d - 5*r = -71. Let u(f) = 43*f**2 - f + 1. Calculate the remainder when u(2) is divided by d.
42
Let s = 1542 + -1525. Let a = 0 + 2. Let q = 2 + a. Calculate the remainder when s is divided by q.
1
Suppose 5*d + s = -9, 4*d + 32 = -5*s + 8. Calculate the remainder when 18 is divided by 5/(d - 4) + 11.
8
Let d(y) = y**3 + 6*y**2 - 185*y + 49. Let q(c) = -11*c - 7. Let z(f) = -f**2 + 3*f - 2. Let t be z(4). Calculate the remainder when q(t) is divided by d(-17).
14
Suppose 9*c = 14*c + 25. Let g = 30 + c. Calculate the remainder when g is divided by 14.
11
Let c = -371 - -569. What is the remainder when c is divided by 55?
33
Let h be (8 + -4 + -3)*0. Suppose -2*s = -6, 2*d - 75 = s - h*s. Suppose 22 = 3*r - 4*g, -5*r - 3*g + 52 = -2*g. Calculate the remainder when d is divided by r.
9
Suppose -532*v = -524*v - 280. Calculate the remainder when 208 is divided by v.
33
Let b(p) = -p + 19. Let u be b(16). Suppose 0 = u*o + 3*s - 177, 5*s = 3*o - 188 - 13. What is the remainder when o is divided by ((-14)/(-4))/((-1)/(-6))?
20
Let r = 2462 + -2326. What is the remainder when 810 is divided by r?
130
Let t = 9 - 6. Suppose t*g + g - 124 = 0. Suppose -2*a + s + 244 = -3*s, -5*s = 0. What is the remainder when a is divided by g?
29
Let n(h) = h + 12. Let f be n(0). Let i(k) = 9*k - 1. Calculate the remainder when i(f) is divided by 27.
26
What is the remainder when 9/((-270)/(-10256)) + 4/30 is divided by 15?
12
Let j = -69 - -74. Suppose 3*l + j*h = -4 + 31, 0 = h. What is the remainder when l is divided by 8?
1
Let u(c) = 23*c**3 - c**2 + c - 1. Let k(s) = 2*s**2 + 11*s - 5. Let a be k(-6). Calculate the remainder when u(a) is divided by 10.
2
Suppose -x = -4, -n - 4*x = 2*n + 17. Let v = 5 - n. What is the remainder when (47/4)/(6/24) is divided by v?
15
Let u be (10/(-6))/(25/(-75)). Let n(d) = d**2 - 2*d - 5. Calculate the remainder when 19 is divided by n(u).
9
Suppose -2*t + 3*t - 71 = -j, 0 = -3*j - 2*t + 216. Suppose -2*n + 26 = 4. Suppose 0 = 5*f - j - n. Calculate the remainder when 33 is divided by f.
16
Let z(i) = i**2 - 8*i - 20. Let k be z(10). Let d(m) = -m**3 - 6*m**2 - 2*m + 2. What is the remainder when (27 - 1 - k)*2 is divided by d(-6)?
10
Let g be 1/3 - (-99)/27. Let w(m) = -3 + 4*m + m**2 - 6 - g*m - m. What is the remainder when w(-4) is divided by 6?
5
Suppose 2*t + 6 = 0, -2*p + 35 = -5*t - 0. Let n = -204 + 352. Calculate the remainder when n is divided by p.
8
Let g = 33 - 28. Suppose 0 = -3*b - 5*i + 40, -g*b + b + i + 15 = 0. What is the remainder when 17 - 2*1/(-2) is divided by b?
3
Let u = 17 + -14. Suppose -2*k + 7 = u. Suppose 91 = j + l, 0*l + 376 = 4*j - k*l. Calculate the remainder when j is divided by 32.
29
Let p = 186 - 118. What is the remainder when p is divided by 18?
14
Suppose -5*y + 115 = -385. Let h(k) = -4*k**3 + k**2 + 9*k + 16. Calculate the remainder when y is divided by h(-2).
32
Let q(x) = 2*x**2 - x - 4. Let p be q(-8). Let b be (p/18)/(2/(-21)). Calculate the remainder when 66 is divided by (b/(-44))/((-1)/(-8)).
10
Suppose -8 = 4*x, -3*k + 5*x + 145 - 6 = 0. Suppose 9*h - 10 - 8 = 0. Suppose -5*m = -j - 58, h*m - 5*j = -4 + 18. What is the remainder when k is divided by m?
7
Let d(s) = -2*s**3 - 2*s**2 - 2*s. Let j be d(-2). Let m be (10/(-4))/((-6)/j). Suppose -42 - 273 = -m*h. Calculate the remainder when h is divided by 13.
11
Suppose 15 - 55 = -8*c. Suppose 0 = -c*z - 25, -3*z + z - 102 = -4*n. Let q = -106 - -174. What is the remainder when q is divided by n?
22
Let c(g) = 77*g**2 - 5*g + 1. Calculate the remainder when c(1) is divided by 23.
4
Calculate the remainder when ((-34)/(-5))/((-162)/(-2025)) is divided by 45.
40
Let j(n) = n**3 - 10*n**2 - 2*n - 19. Let m be j(11). Suppose -4*f = 5*v - 2*f - 182, -f - m = -2*v. What is the remainder when v is divided by 20?
18
Let p = 9 + -9. Suppose 5*l - 112 = 4*q, 0 = -2*l - p*q - q + 37. Suppose -z = z - l. What is the remainder when 18 is divided by z?
8
Suppose 0 = 7*p + 130 - 543. What is the remainder when p is divided by 5?
4
Let p be (-